{"id":173,"date":"2018-07-17T23:57:55","date_gmt":"2018-07-17T21:57:55","guid":{"rendered":"http:\/\/www.angelo-santo-venerito.com\/wordpress\/?page_id=173"},"modified":"2020-12-16T14:13:53","modified_gmt":"2020-12-16T13:13:53","slug":"biography","status":"publish","type":"page","link":"http:\/\/www.angelo-santo-venerito.com\/wordpress\/works\/biography\/","title":{"rendered":"biography"},"content":{"rendered":"\n<div class=\"wp-block-group\"><div class=\"wp-block-group__inner-container is-layout-flow wp-block-group-is-layout-flow\">\n<hr>\n<p style=\"text-align: right;\"><img decoding=\"async\" loading=\"lazy\" class=\"aligncenter size-full wp-image-417\" src=\"http:\/\/www.angelo-santo-venerito.com\/wordpress\/wp-content\/uploads\/2018\/07\/IMG_0454.jpg\" alt=\"\" width=\"1832\" height=\"3264\" srcset=\"http:\/\/www.angelo-santo-venerito.com\/wordpress\/wp-content\/uploads\/2018\/07\/IMG_0454.jpg 1832w, http:\/\/www.angelo-santo-venerito.com\/wordpress\/wp-content\/uploads\/2018\/07\/IMG_0454-168x300.jpg 168w, http:\/\/www.angelo-santo-venerito.com\/wordpress\/wp-content\/uploads\/2018\/07\/IMG_0454-768x1368.jpg 768w, http:\/\/www.angelo-santo-venerito.com\/wordpress\/wp-content\/uploads\/2018\/07\/IMG_0454-575x1024.jpg 575w\" sizes=\"(max-width: 706px) 89vw, (max-width: 767px) 82vw, 740px\" \/><\/p>\n<p><strong>Angelo Santo Venerito <\/strong><\/p>\n<p>1953&nbsp;&nbsp;&nbsp; geboren in Ceglie Messapico (Brindisi), Italien<\/p>\n<p>1975\u20131977&nbsp;&nbsp;&nbsp; Studium an der Fachhochschule f\u00fcr Gestaltung in Pforzheim,&nbsp;&nbsp;&nbsp;&nbsp; Fachbereich Schmuckdesign<\/p>\n<p>1977\u20131981&nbsp;&nbsp;&nbsp; Studium der Bildhauerei an der Accademia delle Belle Arti, Florenz<\/p>\n<p>1982&nbsp;&nbsp;&nbsp; \u00dcbersiedlung nach Berlin<\/p>\n<p>1994\/95&nbsp; Mitbegr\u00fcnder des &#8222;Fachhandel f\u00fcr \u00c4sthetik und Kult&#8220;<\/p>\n<p>1996&nbsp; Initiator des Kunstprojekts &#8220; Le Affinita Elettive&#8220;, Berliner K\u00fcnstler in&nbsp;&nbsp;&nbsp; S\u00fcditalien<\/p>\n<p>seit 2016 &nbsp; kuratorisch t\u00e4tig im STUDIO VENERITO, Berlin<\/p>\n<p><\/p>\n<p><strong>Ver\u00f6ffentlichungen<\/strong><\/p>\n<\/div><\/div>\n\n\n\n<figure class=\"wp-block-table\"><table class=\"\"><tbody><tr><td><em>Casa Vogue Design and Art<\/em> &#8222;Flora Domestica&#8220;, 1990<\/td><td><br><\/td><\/tr><tr><td>Katalog &#8222;Markierungen&#8220; Fumiture and Art Objects, <em>Kammerer &amp; Unverzagt Verlag<\/em>,        Berlin, 1991<\/td><td><br><\/td><\/tr><tr><td>Kulturtip &#8222;Kunst und Kommerz&#8220;, <em>Berliner Morgenpost<\/em> 08.12.1994 <\/td><td><br><\/td><\/tr><tr><td>Katalog zur Ausstellung &#8222;Gradisca&#8220;  <em>Editione Carte False<\/em>, 1997<\/td><td><br><\/td><\/tr><tr><td>Katalog zur Ausstellung &#8222;f-lux volts&amp; watts ad arte&#8220;, Produktion <em>Caino&amp;Caino<\/em>, 1999<\/td><td><br><\/td><\/tr><tr><td>Katalog zur Ausstellung  &#8222;Astrazione Fatale&#8220;, Druck: <em>Tipografia Litoemme<\/em>, 2011<\/td><td><\/td><\/tr><\/tbody><\/table><\/figure>\n\n\n\n<p><strong>Kunstf\u00f6rderung<\/strong><\/p>\n\n\n\n<figure class=\"wp-block-table\"><table class=\"\"><tbody><tr><td>Gr\u00fcndung Fachhandel f\u00fcr \u00c4sthetik und Kult, intermediales Ausstellungsprojekt,        gef\u00f6rdert vom Senat f\u00fcr Kulturelle Angelegenheiten in Berlin<br><\/td><\/tr><tr><td>K\u00fcnstlersozialf\u00f6rderung der Stadt Berlin (Werkvertrag 97)<br><\/td><\/tr><tr><td>K\u00fcnstlersozialf\u00f6rderung der Stadt Berlin (Werkvertrag  99)<\/td><\/tr><\/tbody><\/table><\/figure>\n","protected":false},"excerpt":{"rendered":"<p>Angelo Santo Venerito 1953&nbsp;&nbsp;&nbsp; geboren in Ceglie Messapico (Brindisi), Italien 1975\u20131977&nbsp;&nbsp;&nbsp; Studium an der Fachhochschule f\u00fcr Gestaltung in Pforzheim,&nbsp;&nbsp;&nbsp;&nbsp; Fachbereich Schmuckdesign 1977\u20131981&nbsp;&nbsp;&nbsp; Studium der Bildhauerei an der Accademia delle Belle Arti, Florenz 1982&nbsp;&nbsp;&nbsp; \u00dcbersiedlung nach Berlin 1994\/95&nbsp; Mitbegr\u00fcnder des &#8222;Fachhandel f\u00fcr \u00c4sthetik und Kult&#8220; 1996&nbsp; Initiator des Kunstprojekts &#8220; Le Affinita Elettive&#8220;, Berliner K\u00fcnstler in&nbsp;&nbsp;&nbsp; &hellip; <\/p>\n<p class=\"link-more\"><a href=\"http:\/\/www.angelo-santo-venerito.com\/wordpress\/works\/biography\/\" class=\"more-link\"><span class=\"screen-reader-text\">\u201ebiography\u201c <\/span>weiterlesen<\/a><\/p>\n","protected":false},"author":1,"featured_media":0,"parent":199,"menu_order":0,"comment_status":"closed","ping_status":"closed","template":"","meta":{"footnotes":""},"_links":{"self":[{"href":"http:\/\/www.angelo-santo-venerito.com\/wordpress\/wp-json\/wp\/v2\/pages\/173"}],"collection":[{"href":"http:\/\/www.angelo-santo-venerito.com\/wordpress\/wp-json\/wp\/v2\/pages"}],"about":[{"href":"http:\/\/www.angelo-santo-venerito.com\/wordpress\/wp-json\/wp\/v2\/types\/page"}],"author":[{"embeddable":true,"href":"http:\/\/www.angelo-santo-venerito.com\/wordpress\/wp-json\/wp\/v2\/users\/1"}],"replies":[{"embeddable":true,"href":"http:\/\/www.angelo-santo-venerito.com\/wordpress\/wp-json\/wp\/v2\/comments?post=173"}],"version-history":[{"count":27,"href":"http:\/\/www.angelo-santo-venerito.com\/wordpress\/wp-json\/wp\/v2\/pages\/173\/revisions"}],"predecessor-version":[{"id":1618,"href":"http:\/\/www.angelo-santo-venerito.com\/wordpress\/wp-json\/wp\/v2\/pages\/173\/revisions\/1618"}],"up":[{"embeddable":true,"href":"http:\/\/www.angelo-santo-venerito.com\/wordpress\/wp-json\/wp\/v2\/pages\/199"}],"wp:attachment":[{"href":"http:\/\/www.angelo-santo-venerito.com\/wordpress\/wp-json\/wp\/v2\/media?parent=173"}],"curies":[{"name":"wp","href":"https:\/\/api.w.org\/{rel}","templated":true}]}}

<div class="wp-block-group"><div class="wp-block-group__inner-container is-layout-flow wp-block-group-is-layout-flow">
<hr>
<p style="text-align: right;"><img decoding="async" loading="lazy" class="aligncenter size-full wp-image-417" src="http://www.angelo-santo-venerito.com/wordpress/wp-content/uploads/2018/07/IMG_0454.jpg" alt="" width="1832" height="3264" srcset="http://www.angelo-santo-venerito.com/wordpress/wp-content/uploads/2018/07/IMG_0454.jpg 1832w, http://www.angelo-santo-venerito.com/wordpress/wp-content/uploads/2018/07/IMG_0454-168x300.jpg 168w, http://www.angelo-santo-venerito.com/wordpress/wp-content/uploads/2018/07/IMG_0454-768x1368.jpg 768w, http://www.angelo-santo-venerito.com/wordpress/wp-content/uploads/2018/07/IMG_0454-575x1024.jpg 575w" sizes="(max-width: 706px) 89vw, (max-width: 767px) 82vw, 740px" /></p>
<p><strong>Angelo Santo Venerito </strong></p>
<p>1953&nbsp;&nbsp;&nbsp; geboren in Ceglie Messapico (Brindisi), Italien</p>
<p>1975–1977&nbsp;&nbsp;&nbsp; Studium an der Fachhochschule für Gestaltung in Pforzheim,&nbsp;&nbsp;&nbsp;&nbsp; Fachbereich Schmuckdesign</p>
<p>1977–1981&nbsp;&nbsp;&nbsp; Studium der Bildhauerei an der Accademia delle Belle Arti, Florenz</p>
<p>1982&nbsp;&nbsp;&nbsp; Übersiedlung nach Berlin</p>
<p>1994/95&nbsp; Mitbegründer des &#8222;Fachhandel für Ästhetik und Kult&#8220;</p>
<p>1996&nbsp; Initiator des Kunstprojekts &#8220; Le Affinita Elettive&#8220;, Berliner Künstler in&nbsp;&nbsp;&nbsp; Süditalien</p>
<p>seit 2016 &nbsp; kuratorisch tätig im STUDIO VENERITO, Berlin</p>
<p></p>
<p><strong>Veröffentlichungen</strong></p>
</div></div>



<figure class="wp-block-table"><table class=""><tbody><tr><td><em>Casa Vogue Design and Art</em> &#8222;Flora Domestica&#8220;, 1990</td><td><br></td></tr><tr><td>Katalog &#8222;Markierungen&#8220; Fumiture and Art Objects, <em>Kammerer &amp; Unverzagt Verlag</em>,        Berlin, 1991</td><td><br></td></tr><tr><td>Kulturtip &#8222;Kunst und Kommerz&#8220;, <em>Berliner Morgenpost</em> 08.12.1994 </td><td><br></td></tr><tr><td>Katalog zur Ausstellung &#8222;Gradisca&#8220;  <em>Editione Carte False</em>, 1997</td><td><br></td></tr><tr><td>Katalog zur Ausstellung &#8222;f-lux volts&amp; watts ad arte&#8220;, Produktion <em>Caino&amp;Caino</em>, 1999</td><td><br></td></tr><tr><td>Katalog zur Ausstellung  &#8222;Astrazione Fatale&#8220;, Druck: <em>Tipografia Litoemme</em>, 2011</td><td></td></tr></tbody></table></figure>



<p><strong>Kunstförderung</strong></p>



<figure class="wp-block-table"><table class=""><tbody><tr><td>Gründung Fachhandel für Ästhetik und Kult, intermediales Ausstellungsprojekt,        gefördert vom Senat für Kulturelle Angelegenheiten in Berlin<br></td></tr><tr><td>Künstlersozialförderung der Stadt Berlin (Werkvertrag 97)<br></td></tr><tr><td>Künstlersozialförderung der Stadt Berlin (Werkvertrag  99)</td></tr></tbody></table></figure>

<p>Angelo Santo Venerito 1953&nbsp;&nbsp;&nbsp; geboren in Ceglie Messapico (Brindisi), Italien 1975–1977&nbsp;&nbsp;&nbsp; Studium an der Fachhochschule für Gestaltung in Pforzheim,&nbsp;&nbsp;&nbsp;&nbsp; Fachbereich Schmuckdesign 1977–1981&nbsp;&nbsp;&nbsp; Studium der Bildhauerei an der Accademia delle Belle Arti, Florenz 1982&nbsp;&nbsp;&nbsp; Übersiedlung nach Berlin 1994/95&nbsp; Mitbegründer des &#8222;Fachhandel für Ästhetik und Kult&#8220; 1996&nbsp; Initiator des Kunstprojekts &#8220; Le Affinita Elettive&#8220;, Berliner Künstler in&nbsp;&nbsp;&nbsp; &hellip; </p>
<p class="link-more"><a href="http://www.angelo-santo-venerito.com/wordpress/works/biography/" class="more-link"><span class="screen-reader-text">„biography“ </span>weiterlesen</a></p>
